 by 234874?
21
What is the remainder when 292480 is divided by 41?
27
What is the remainder when 11119529 is divided by 61?
22
Calculate the remainder when 3095750 is divided by 1031885.
95
Calculate the remainder when 2093318 is divided by 4715.
4573
Calculate the remainder when 6526331 is divided by 249.
41
What is the remainder when 668643 is divided by 531?
114
Calculate the remainder when 100224588 is divided by 98.
86
What is the remainder when 310057 is divided by 21?
13
Calculate the remainder when 1787441 is divided by 42.
5
Calculate the remainder when 929358 is divided by 1450.
1358
What is the remainder when 86894820 is divided by 5430925?
20
Calculate the remainder when 47418 is divided by 1445.
1178
Calculate the remainder when 40567607 is divided by 55.
47
What is the remainder when 11716671 is divided by 423?
417
Calculate the remainder when 2616482 is divided by 1177.
11
What is the remainder when 18806133 is divided by 28027?
16
What is the remainder when 34851 is divided by 16934?
983
Calculate the remainder when 7659379 is divided by 1330.
1239
What is the remainder when 28758325 is divided by 2109?
1
What is the remainder when 188439 is divided by 73?
26
Calculate the remainder when 380965 is divided by 63265.
1375
Calculate the remainder when 145613869 is divided by 83.
80
Calculate the remainder when 28365 is divided by 1984.
589
Calculate the remainder when 4169166 is divided by 3409.
3368
Calculate the remainder when 884271 is divided by 978.
159
What is the remainder when 23086298 is divided by 3237?
14
What is the remainder when 1349381 is divided by 24096?
5
What is the remainder when 173770606 is divided by 777?
772
Calculate the remainder when 26417411 is divided by 84.
83
Calculate the remainder when 5324505 is divided by 4687.
73
What is the remainder when 1018240 is divided by 123?
46
Calculate the remainder when 9834380 is divided by 336.
332
What is the remainder when 2832305 is divided by 28323?
5
Calculate the remainder when 5820540 is divided by 7.
5
Calculate the remainder when 38242628 is divided by 2335.
2333
Calculate the remainder when 8468071 is divided by 9601.
9590
Calculate the remainder when 15239 is divided by 4694.
1157
What is the remainder when 171471 is divided by 42866?
7
Calculate the remainder when 29842568 is divided by 2892.
20
What is the remainder when 268551 is divided by 66?
63
What is the remainder when 59415 is divided by 4947?
51
What is the remainder when 111779 is divided by 108414?
3365
Calculate the remainder when 1287603 is divided by 326.
229
What is the remainder when 1698079 is divided by 542?
535
What is the remainder when 334301 is divided by 286?
253
What is the remainder when 51783232 is divided by 5?
2
Calculate the remainder when 13820724 is divided by 68.
64
Calculate the remainder when 36350 is divided by 35553.
797
What is the remainder when 650937 is divided by 112?
105
Calculate the remainder when 4457284 is divided by 14.
6
What is the remainder when 657372190 is divided by 111?
109
What is the remainder when 5015710 is divided by 5015680?
30
Calculate the remainder when 3683748 is divided by 125.
123
Calculate the remainder when 58787 is divided by 58594.
193
What is the remainder when 117910 is divided by 1052?
86
Calculate the remainder when 66306 is divided by 32926.
454
Calculate the remainder when 131835 is divided by 131128.
707
What is the remainder when 216078 is divided by 2300?
2178
Calculate the remainder when 105758 is divided by 762.
602
What is the remainder when 2385413 is divided by 1868?
1845
Calculate the remainder when 94448145 is divided by 13.
12
What is the remainder when 15739 is divided by 715?
9
Calculate the remainder when 27992 is divided by 8898.
1298
What is the remainder when 2047193 is divided by 407?
390
Calculate the remainder when 31881241 is divided by 5101.
5092
Calculate the remainder when 232974 is divided by 330.
324
What is the remainder when 2268013 is divided by 18?
13
What is the remainder when 58538 is divided by 57318?
1220
What is the remainder when 62867613 is divided by 1460?
13
Calculate the remainder when 72992 is divided by 889.
94
What is the remainder when 149663596 is divided by 217?
215
What is the remainder when 244020 is divided by 1134?
210
Calculate the remainder when 122646 is divided by 570.
96
What is the remainder when 23100 is divided by 21899?
1201
Calculate the remainder when 4521592 is divided by 649.
9
What is the remainder when 72773138 is divided by 5?
3
What is the remainder when 438929 is divided by 3300?
29
What is the remainder when 258178 is divided by 85798?
784
What is the remainder when 30148 is divided by 21332?
8816
What is the remainder when 130672 is divided by 2243?
578
What is the remainder when 271076 is divided by 53659?
2781
What is the remainder when 285815 is divided by 6605?
1800
What is the remainder when 18363 is divided by 1678?
1583
Calculate the remainder when 83214 is divided by 385.
54
Calculate the remainder when 166175 is divided by 3750.
1175
Calculate the remainder when 151887 is divided by 91.
8
What is the remainder when 31558 is divided by 14455?
2648
What is the remainder when 61980994 is divided by 17?
14
What is the remainder when 3560059 is divided by 434?
391
What is the remainder when 2642973 is divided by 1321478?
17
Calculate the remainder when 237784 is divided by 798.
778
What is the remainder when 9843844 is divided by 260?
244
What is the remainder when 17250 is divided by 3573?
2958
What is the remainder when 93148830 is divided by 148?
146
What is the remainder when 360699 is divided by 360632?
67
What is the remainder when 26371 is divided by 13066?
239
Calculate the remainder when 131445 is divided by 64933.
1579
Calculate the remainder when 453948463 is divided by 26110.
3
Calculate the remainder when 765249 is divided by 542.
487
Calculate the remainder when 12433 is divided by 11590.
843
What is the remainder when 50762 is divided by 16916?
14
Calculate the remainder when 2530626 is divided by 59.
57
What is the remainder when 786078 is divided by 392882?
314
What is the remainder when 62524853 is divided by 63?
62
What is the remainder when 89377627 is divided by 7?
3
What is the remainder when 4663587 is divided by 1183?
201
What is the remainder when 520083 is divided by 1751?
36
Calculate the remainder when 13326087 is divided by 128135.
47
What is the remainder when 93376354 is divided by 2989?
2983
Calculate the remainder when 58151 is divided by 14522.
63
Calculate the remainder when 15628996 is divided by 680.
556
What is the remainder when 1695822 is divided by 89251?
53
Calculate the remainder when 7445205 is divided by 372.
369
Calculate the remainder when 52021 is divided by 2476.
25
Calculate the remainder when 3700556 is divided by 329.
293
What is the remainder when 26473013 is divided by 93?
5
Calculate the remainder when 1510850 is divided by 2674.
40
Calculate the remainder when 4236402 is divided by 155.
97
Calculate the remainder when 7941668 is divided by 3970816.
36
What is the remainder when 49629 is divided by 4534?
4289
Calculate the remainder when 1778903 is divided by 118592.
23
Calculate the remainder when 907607 is divided by 129655.
22
What is the remainder when 105533 is divided by 35173?
14
What is the remainder when 3049203 is divided by 2800?
3
Calculate the remainder when 2856258 is divided by 122.
116
Calculate the remainder when 1585486 is divided by 396371.
2
What is the remainder when 13134492 is divided by 3806?
3792
Calculate the remainder when 23879997 is divided by 7959864.
405
Calculate the remainder when 25553696 is divided by 63.
14
Calculate the remainder when 4186128 is divided by 18280.
8
What is the remainder when 13470672 is divided by 101?
100
What is the remainder when 33393849 is divided by 16696921?
7
Calculate the remainder when 953646 is divided by 317787.
285
What is the remainder when 851653 is divided by 246?
1
Calculate the remainder when 116496 is divided by 141.
30
Calculate the remainder when 2060405 is divided by 4848.
5
What is the remainder when 6039500 is divided by 23?
22
Calculate the remainder when 75519454 is divided by 13.
10
What is the remainder when 8346313 i